he units digit of 1248903?
3
What is the millions digit of 12613496?
2
What is the ten thousands digit of 7680994?
8
What is the units digit of 319518?
8
What is the units digit of 240847?
7
What is the ten thousands digit of 1535621?
3
What is the hundreds digit of 203067?
0
What is the thousands digit of 6683632?
3
What is the hundreds digit of 15698?
6
What is the thousands digit of 128594?
8
What is the ten thousands digit of 404427?
0
What is the thousands digit of 27629375?
9
What is the ten thousands digit of 2462196?
6
What is the millions digit of 1664364?
1
What is the hundreds digit of 306346?
3
What is the hundreds digit of 3432595?
5
What is the tens digit of 240705?
0
What is the tens digit of 5439939?
3
What is the hundreds digit of 87116?
1
What is the units digit of 3174216?
6
What is the hundreds digit of 802091?
0
What is the ten thousands digit of 306238?
0
What is the ten thousands digit of 1846154?
4
What is the ten thousands digit of 12316038?
1
What is the units digit of 32892?
2
What is the tens digit of 115287?
8
What is the hundreds digit of 15260609?
6
What is the ten thousands digit of 919777?
1
What is the ten millions digit of 38327576?
3
What is the ten thousands digit of 526568?
2
What is the units digit of 196505?
5
What is the hundred thousands digit of 2734822?
7
What is the tens digit of 478608?
0
What is the tens digit of 247806?
0
What is the hundreds digit of 4040431?
4
What is the hundred thousands digit of 641610?
6
What is the hundred thousands digit of 797231?
7
What is the units digit of 2264097?
7
What is the tens digit of 115185?
8
What is the tens digit of 293718?
1
What is the tens digit of 793761?
6
What is the ten thousands digit of 150673?
5
What is the millions digit of 9911112?
9
What is the hundreds digit of 24515?
5
What is the tens digit of 8649780?
8
What is the hundred thousands digit of 5059386?
0
What is the thousands digit of 11453606?
3
What is the units digit of 985911?
1
What is the millions digit of 8890566?
8
What is the thousands digit of 1697926?
7
What is the hundreds digit of 6863672?
6
What is the ten thousands digit of 12667521?
6
What is the thousands digit of 2548033?
8
What is the millions digit of 2510417?
2
What is the units digit of 247940?
0
What is the ten thousands digit of 253705?
5
What is the thousands digit of 10122118?
2
What is the thousands digit of 614072?
4
What is the hundreds digit of 253241?
2
What is the ten thousands digit of 159893?
5
What is the hundreds digit of 463029?
0
What is the tens digit of 5641530?
3
What is the thousands digit of 545723?
5
What is the units digit of 13487?
7
What is the ten thousands digit of 1441086?
4
What is the thousands digit of 1895878?
5
What is the units digit of 6387356?
6
What is the units digit of 431353?
3
What is the ten millions digit of 28718852?
2
What is the ten thousands digit of 5305977?
0
What is the ten thousands digit of 236545?
3
What is the tens digit of 364850?
5
What is the thousands digit of 742056?
2
What is the millions digit of 5285593?
5
What is the millions digit of 3996764?
3
What is the tens digit of 1759328?
2
What is the ten thousands digit of 5902360?
0
What is the ten thousands digit of 2036907?
3
What is the hundreds digit of 2584751?
7
What is the units digit of 980976?
6
What is the ten thousands digit of 380323?
8
What is the units digit of 29427?
7
What is the hundred thousands digit of 5090625?
0
What is the hundreds digit of 64892?
8
What is the millions digit of 1818539?
1
What is the hundreds digit of 4651455?
4
What is the ten thousands digit of 14724098?
2
What is the ten thousands digit of 1704480?
0
What is the millions digit of 1227915?
1
What is the thousands digit of 1622713?
2
What is the ten thousands digit of 11089844?
8
What is the hundred thousands digit of 211710?
2
What is the units digit of 445782?
2
What is the ten thousands digit of 151907?
5
What is the tens digit of 777685?
8
What is the units digit of 1269536?
6
What is the thousands digit of 17181351?
1
What is the units digit of 439223?
3
What is the thousands digit of 21639626?
9
What is the units digit of 8649079?
9
What is the hundred thousands digit of 2127342?
1
What is the units digit of 63663?
3
What is the ten thousands digit of 117211?
1
What is the thousands digit of 1730743?
0
What is the millions digit of 2080170?
2
What is the millions digit of 13821814?
3
What is the units digit of 37889768?
8
What is the tens digit of 8233919?
1
What is the units digit of 8764687?
7
What is the hundred thousands digit of 270488?
2
What is the thousands digit of 3966437?
6
What is the tens digit of 3203515?
1
What is the tens digit of 1336280?
8
What is the thousands digit of 2387774?
7
What is the units digit of 6373955?
5
What is the ten thousands digit of 10428?
1
What is the tens digit of 413088?
8
What is the hundred thousands digit of 678286?
6
What is the hundreds digit of 280295?
2
What is the units digit of 114758?
8
What is the hundreds digit of 5593579?
5
What is the ten thousands digit of 1420102?
2
What is the thousands digit of 84748?
4
What is the tens digit of 217109?
0
What is the units digit of 5091470?
0
What is the thousands digit of 473702?
3
What is the tens digit of 496766?
6
What is the thousands digit of 3515454?
5
What is the units digit of 3646683?
3
What is the hundreds digit of 7953057?
0
What is the ten thousands digit of 5432945?
3
What is the ten thousands digit of 576100?
7
What is the ten thousands digit of 138197?
3
What is the millions digit of 8474326?
8
What is the hundred thousands digit of 159631?
1
What is the ten thousands digit of 8933567?
3
What is the hundreds digit of 13061103?
1
What is the ten thousands digit of 606311?
0
What is the ten millions digit of 24201984?
2
What is the hundreds digit of 900843?
8
What is the tens digit of 68098?
9
What is the units digit of 5809200?
0
What is the thousands digit of 326241?
6
What is the units digit of 713421?
1
What is the units digit of 1192116?
6
What is the hundred thousands digit of 18774483?
7
What is the millions digit of 3900787?
3
What is the hundreds digit of 414331?
3
What is the hundreds digit of 10114181?
1
What is the millions digit of 4746576?
4
What is the thousands digit of 74375?
4
What is the hundred thousands digit of 943404?
9
What is the thousands digit of 3752?
3
What is the units digit of 6111891?
1
What is the hundred thousands digit of 192500?
1
What is the hundred thousands digit of 16870636?
8
What is the units digit of 533113?
3
What is the millions digit of 2393533?
2
What is the millions digit of 3081141?
3
What is the thousands digit of 1456982?
6
What is the thousands digit of 1667199?
7
What is the units digit of 267657?
7
What is the thousands digit of 3857399?
7
What is the thousands digit of 16140297?
0
What is the thousands digit of 37485277?
5
What is the millions digit of 3451635?
3
What is the tens digit of 231453?
5
What is the thousands digit of 20844?
0
What is the hundreds digit of 487325?
3
What is the hundred thousands digit of 22372878?
3
What is the units digit of 7339093?
3
What is the hundreds digit of 106488?
4
What is the thousands digit of 291009?
1
What is the tens digit of 146534?
3
What is the thousands digit of 190512?
0
What is the ten thousands digit of 5854350?
5
What is the units digit of 2521847?
7
What is the hundred thousands digit of 1553726?
5
What is the hundred thousands digit of 4079079?
0
What is the ten thousands digit of 202920?
0
What is the hundred thousands digit of 7805883?
8
What is the thousands digit of 2461495?
1
What is the thousands digit of 32524332?
4
What is the ten thousands digit of 3476386?
7
What is the millions digit of 1483875?
1
What is the thousands digit of 26894650?
4
What is the hundreds digit of 196143?
1
What is the ten thousands digit of 1172228?
7
What is the hundred thousands digit of 1007850?
0
What is the hundred thousands digit of 236674?
2
What is the tens digit of 2100870?
7
What is the millions digit of 4081715?
4
What is the tens digit of 505497?
9
What is the hundred thousands digit of 2360719?
3
What is the ten thousands digit of 712527?
1
What is the ten thousands digit of 146610?
4
What is the units d